-l - 1. Let y be u(-4). Suppose y = -3*z + 24. What is the units digit of i(z)?
5
Let t be (2 - 2) + 13/1. Let h = 18 - t. What is the units digit of h?
5
Let q be (-7)/((-140)/(-24))*400/(-12). Suppose 39*i = q*i - 21. What is the tens digit of i?
2
Suppose -8*y + 11*y + 6 = 0. Let z = 4 + y. Suppose 25 = 5*u + 5, 5*q - 158 = -z*u. What is the units digit of q?
0
Let l(k) = -k**3 - 18*k**2 - 72*k + 10. What is the tens digit of l(-14)?
3
Suppose 9033 = 5*h - 6752. What is the tens digit of h?
5
Let w be -12 - (-1 + 2 + -3). Let o be 986/18 + w/(-45). Let d = -38 + o. What is the units digit of d?
7
Let d(g) = 31*g**2 - g - 1. Suppose 3*u - 1 = 8. Suppose -4*n = u + 1. What is the units digit of d(n)?
1
Let r(q) = q**2 + 4*q + 8. Let g be r(-6). Suppose -4*j + g = 0, -2*c - 2*j + 529 = -j. What is the units digit of c?
2
Let j(c) = -c**2 + 83. Let s be j(0). Suppose 0 = -5*n - s + 13. Let u = 1 - n. What is the units digit of u?
5
Suppose -42 + 12 = -5*f. Let p(y) = -y**2 + 5*y + 8. Let u be p(f). Let g = u - 0. What is the units digit of g?
2
Let d(w) = w**3 + 18*w**2 + w + 68. What is the tens digit of d(-16)?
6
Let a = -23 - -26. Suppose 4*d - 1106 = a*m, 2*d = -0*m - m + 558. What is the tens digit of d?
7
Let a = -4116 - -5780. What is the units digit of a/44 - (-2)/11?
8
Let j = 1 + -1. Let c(o) = 27*o**2 + 5*o + 4. Let x be c(-1). Suppose j*n + n = x. What is the units digit of n?
6
Let l(b) = -19*b + 3. Suppose -2*i + 6 = 3*p - 5, 0 = -2*i + p - 9. Let u be l(i). Let g = u + -16. What is the units digit of g?
5
Suppose -2*k + 3*r + 595 = 3*k, 478 = 4*k - 2*r. Suppose -3*s + 86 = 2*m - 241, -s - 5*m + k = 0. What is the tens digit of s?
0
Let b(q) = -10*q + 4 - 48*q - 19. What is the tens digit of b(-4)?
1
Let i(l) = 6*l - 23. Let h be i(4). What is the hundreds digit of ((-665)/14 - h)/((-1)/4)?
1
Suppose 9*i + 222 = 10*i. Suppose -3*w - i = -5*k, 5*k + 5*w = w + 229. What is the units digit of k?
5
What is the units digit of (40 - -97)/(2/8)?
8
Let m = -442 + 768. What is the hundreds digit of m?
3
What is the tens digit of 28/(-266) - (-492513)/133?
0
Let a(k) = -64*k + 10. Let c(o) = -o. Let t(v) = a(v) + 3*c(v). What is the tens digit of t(-2)?
4
Let k(v) = 2*v**2 - 8*v + 187. What is the units digit of k(-32)?
1
Let k(w) = -3*w + 4. Let f be k(3). Let l be f/(-2) + 2/(-4). Suppose -l*d + 28 + 24 = 0. What is the tens digit of d?
2
Let x = -202 + 588. What is the hundreds digit of x?
3
Suppose 3*m + 100 = 109. Suppose -226 = -m*x + 302. What is the tens digit of x?
7
Let r(l) = 71*l**2 - 19*l - 4. What is the tens digit of r(-2)?
1
Suppose -5*p + p = -88. Let m = -85 - -81. Let r = m + p. What is the tens digit of r?
1
Let u(i) = i**2 + 2*i - 11. Suppose 6*c - 5*c - 4 = 0. Let f be u(c). Let t = 47 - f. What is the units digit of t?
4
Suppose 1007 = -16*l + 17*l. Suppose 3*f = 5*u - l, 2*u + 0*f - 410 = 3*f. What is the units digit of u?
9
Let t = 1382 - 76. What is the tens digit of t?
0
Let u(n) = -1 - 4*n**2 - 35*n + 2*n**2 + 32*n - 10*n**3. What is the units digit of u(-3)?
0
Let m(a) = 9*a + 2. Let d = 1 + 5. What is the tens digit of m(d)?
5
Suppose -11*n - 815 + 11749 = 0. What is the tens digit of n?
9
Let x(q) be the second derivative of q**5/20 - 5*q**4/4 + 2*q**3 - 15*q**2 - 8*q. What is the tens digit of x(15)?
5
Let h be ((-24)/(-15) - -1) + 8/20. What is the tens digit of (1/h)/(1023/(-513) - -2)?
5
Let i(t) = 7*t**3 + 2*t**2 - 4*t - 4. Let c be i(-2). Let d = c - -63. What is the tens digit of d?
1
Let b(h) = -80*h - 43. What is the tens digit of b(-3)?
9
Suppose 3*d - 6 = -0*d. Let n(w) = -w**3 + 3*w**2 - 1. Let y be n(d). Suppose -c = b + 2*b - 95, 0 = -y*b + 3*c + 75. What is the units digit of b?
0
Let v be (-15)/2*2/(-3). Suppose -8*x + 4*x + 3*f + 20 = 0, v*x - 25 = -3*f. Suppose 45 = 5*w + x. What is the units digit of w?
8
Suppose 7*t = -5*t + 3096. What is the units digit of t?
8
Let g be ((-354)/15)/(3/(-15)). Suppose g = 3*l - l. What is the tens digit of l?
5
Suppose -4*a + 4*t = -848, -557 + 1622 = 5*a - 4*t. What is the tens digit of a?
1
Suppose 3*c = -c. Suppose -6*o + 3*o + 159 = c. What is the tens digit of o?
5
What is the tens digit of ((-2)/5)/(-1*11/16060)?
8
Suppose 40660 = -273*s + 283*s. What is the hundreds digit of s?
0
Suppose d + 0*d = 568. Let n be 4/14 - d/28. What is the units digit of -52*(-3 + n/(-8))?
6
Let m(n) = -n**2 - 2*n + 8. Let b be m(-4). Let g(d) = 4*d + 1. Let s be g(b). What is the units digit of -1 - (3 + s - 73)?
8
Let v be (4*-11 - -2)/((-18)/12). Let h(n) = 7*n - 50. What is the hundreds digit of h(v)?
1
Let k(o) = o**2 + 18*o + 775. What is the units digit of k(0)?
5
What is the tens digit of 114*11*9/6?
8
Suppose 5*u = u - 1288. Let m = u - 77. What is the tens digit of m/(-14)*(-2)/(-3)?
1
Let l(p) = 10*p - 3. Suppose 0 = q + 2*v - 4, 3*v - 40 + 4 = -4*q. What is the tens digit of l(q)?
1
Let v = 1066 - 373. What is the units digit of v?
3
Let f be (-21 + -15)*(-10)/(-8). Let p = 93 + f. What is the units digit of p?
8
Let h be (4 + 8/(-3))*-6. Suppose -2*o = -1 + 9. Let x = o - h. What is the units digit of x?
4
Suppose 60*z - 56*z = 2876. Suppose z = 5*a + 144. What is the tens digit of a?
1
Let y(f) = -2*f - 3. Let q be y(-3). Suppose -4*n + q*h = -0*n, -n + 13 = -4*h. What is the units digit of (-6 - n) + 6 - 2?
1
Let k be 260/16 + 1/(-4). Let l = k + 18. What is the tens digit of l?
3
Suppose -4 = -2*x, 5*h = -4*x + 245 + 4493. What is the hundreds digit of h?
9
Suppose -18900 = -o - 13*o. Suppose -12*f - 162 + o = 0. What is the tens digit of f?
9
Suppose 2*z - 54 = -2*h, 2*z + 72 = 4*z - 4*h. Let k = z - 16. What is the tens digit of k?
1
Let m = -8 + 22. Let n be (4/(-6))/(m/(-357)). Suppose 0 = -7*a + 60 + n. What is the units digit of a?
1
Suppose -4*b = 2*w + 29 - 1, 0 = -5*b + 3*w - 35. What is the tens digit of (-57)/6*(b - -1)?
5
Let d be (2/4)/(2/(-4)). Let m be d - 0 - 417/3. What is the units digit of ((-50)/(-7))/((-20)/m)?
0
Let c(f) = -f - 3. Let k be c(-4). Suppose -q + 7 = k. Let h(p) = p**2 - 4*p + 11. What is the tens digit of h(q)?
2
Let f(m) = 322*m**2 + 2*m - 1. Let z be f(1). Let b = -167 + z. What is the hundreds digit of b?
1
What is the tens digit of 1 + -5 + (-16 - -867)?
4
Suppose 51 = z + 16. Suppose z = l + 4*l. Let v(i) = i**3 - 6*i**2 - 5*i - 5. What is the units digit of v(l)?
9
Let h = -253 + 1001. What is the hundreds digit of h?
7
Suppose 2*y + 3*y = 5*m - 4670, 0 = 5*m + y - 4688. What is the tens digit of m?
3
Let s = 767 - 243. What is the units digit of s?
4
Let u be (-2)/(-8) - 9/4. What is the tens digit of (-3 - u - 0) + 96*1?
9
Let n(j) = 16 + 44*j - 24*j - j**2 + 2*j**2. What is the tens digit of n(-20)?
1
Suppose 0 = 6*b - 3543 + 1005. What is the hundreds digit of b?
4
Let h be 30/8 + (-51)/68. Suppose -2*c = 2*c + h*y - 372, 4*y + 93 = c. What is the tens digit of c?
9
Suppose -5*v - 15 = -2*n, -3*n = 4*v - 21 - 13. Let d be (-1)/5 - (-42)/n. Suppose -d*o - 3 + 7 = 0. What is the units digit of o?
1
Let d = -91 - -95. Suppose 3*p = -2*p - d*y + 696, y = 3*p - 421. What is the hundreds digit of p?
1
What is the tens digit of 172 - 4/(36/45)?
6
Suppose -7*g = -4*g + l + 151, 2*g + l + 102 = 0. Let z = -3 - g. What is the tens digit of z?
4
Suppose 6022 = 5*d - 3*v, -5*d - 3*v - 1071 + 7069 = 0. What is the units digit of d?
2
Let n(c) = c**3 + 3. Let z be n(0). Suppose -3*h + 4*d + 837 = 0, h - 1109 = -3*h + z*d. What is the tens digit of (4/10)/(5/h)?
2
Suppose 5*r = -4*q + 3071, 0*r - 1225 = -2*r - 5*q. What is the hundreds digit of r?
6
Let z(l) = l**2 - 2*l - 27. What is the units digit of z(25)?
8
Suppose -24 = -7*n + n. What is the units digit of ((-486)/n)/(-9)*2?
7
What is the tens digit of 42*14 + (-5 - (-2 + 1))?
8
Let c = 5 - 2. Suppose -4*b = 3*s - 178, -8*s + 4*s + 137 = c*b. Suppose -i - 12 + b = 0. What is the units digit of i?
1
Let f be (1 + -2)*(-4 - -4). Suppose f = 5*t - 20 - 15. Let w = 14 - t. What is the units digit of w?
7
Let i(p) = -p + 100*p**2 - 96*p**2 + 3 + 6. What is the tens digit of i(5)?
0
Suppose -481 = -m - 2*x - 138, -5*m = 5*x - 1730. Suppose -89 = -6*g + m. What is the tens digit of g?
7
Let w(j) = 3*j**2 - j - 12. Let p be 2 - 3 - 1 - -6. What is the units digit of w(p)?